ive of y(d). Give i(-5).
-9
Suppose 2 = 5*g - 13. Let x(y) = -y**3 + 3*y**2 - 3*y + 3. What is x(g)?
-6
Let m = 7 + -4. Let y(i) be the third derivative of -2/3*i**3 + 1/24*i**4 + 3*i**2 + 0*i + 0. What is y(m)?
-1
Let f(d) = -d**2 + 8*d - 6. Suppose 3*b - 6 = -2*k + 2*b, 0 = 5*b - 10. Suppose -k*v + j = -13, 3*v - 2*j - 17 = 5. Suppose -4*z = -v - 16. Calculate f(z).
9
Let x(d) be the second derivative of d**4/12 - 3*d**2 + 14*d. What is x(0)?
-6
Let o(d) be the third derivative of -d**4/12 + 5*d**3/6 + 3*d**2. What is o(6)?
-7
Let r(t) be the first derivative of t**3/3 - 5*t + 11. Determine r(0).
-5
Let t(c) = -c**2 + 1. Let a(j) = 0*j**3 + j + j**3 - 5*j + 2*j. Let n(s) = a(s) + 2*t(s). Suppose 2*z + 0*z = 6. Calculate n(z).
5
Suppose 3*p = -o + 17, 25 = 3*p + 2*o + 3*o. Let l(n) = 1 - 1 + p + 2*n. Calculate l(-5).
-5
Let i(n) = -5*n**3 - n**3 + n + 7*n**3 - 9. What is i(0)?
-9
Let i(s) be the third derivative of -s**6/120 - 11*s**3/6 - 6*s**2. Let l be -5*1*(-4)/10. Suppose -3*b + 5*u - 10 = 0, -l = -4*b - u - 0. Give i(b).
-11
Let p = 122 - 118. Let g(w) be the second derivative of -p*w + 0 + 1/6*w**3 + w**2. What is g(2)?
4
Let u(k) = k**3 + 2*k**2 - 2*k - 3. Let o be 5/((-5)/(-3))*1. Suppose 0 = o*z - f + 5*f + 14, 2*f = -3*z - 10. Calculate u(z).
1
Let n(s) = -5*s**2 - 9*s + 3. Let x(t) be the third derivative of t**5/15 + t**4/3 - 2*t**3/3 + 2*t**2. Let p(c) = 3*n(c) + 4*x(c). Give p(-7).
7
Let t = -3 - -1. Let x(k) = -2*k - 1. Give x(t).
3
Let w(h) = 0*h - h + 1 - 3. Let x(i) = i**3 - 2*i**2 - i - 1. Let z be x(3). Suppose -13 = -5*r - 2*l - 5, z*r - 3*l - 13 = 0. Calculate w(r).
-4
Let j(g) = -2*g**2 + 3*g - 2. Suppose 2*d - 5*d = 0. Suppose -3*k = i - 7*k - 2, 5*i - 2*k + 8 = d. Let t be (6/i - -1) + 4. Give j(t).
-4
Let f be (-6)/(-1) - (11 + -8). Let w(y) = -y**2 + 6*y - 4. Give w(f).
5
Let x(z) = -7 - 8*z + 2*z - z**2 - z - 2. Let u = -18 + 12. What is x(u)?
-3
Let a(y) = -y**2 - 7*y - 7. Let u be a(-3). Let x(j) = -j**3 + 5*j**2 + 2*j + 2. Give x(u).
12
Let b(f) = -f. Let w be b(-6). Let v(x) = -2*x**3 + 7*x**2 - 7*x + 13. Let a(j) = -j**3 + 4*j**2 - 4*j + 6. Let m(y) = 7*a(y) - 3*v(y). Give m(w).
-3
Let n(s) be the second derivative of -s**4/12 + 2*s**3/3 + 7*s**2/2 + 6*s. What is n(5)?
2
Suppose -4*s = 3*u - 22, 0 = -3*s + 5*u - 0 + 2. Let j(y) = -y**2 + 4*y - 2. Give j(s).
-2
Let b(a) = -a**2 + 4*a - 8. Let q(o) = -o**3 - 10*o**2 - 24*o - 15. Let d be q(-7). What is b(d)?
-20
Suppose -1 + 13 = 4*p + 2*d, 0 = 2*d + 4. Suppose p*k + 11 = -5. Let x(q) = 5 + q + 2*q + q**2 + q**3 + 3*q**2. Give x(k).
-7
Let g(n) = -n + 3. Let a be (-1 - (3 + -5))*22. Suppose -d + 4*y = d - a, -d + 3*y = -14. Give g(d).
-2
Let f(r) = -r**3 + 2*r**2 + 3*r + 3. Let p = 39 - 36. What is f(p)?
3
Let m(n) = -n**2 + 8*n + 19. Let y be m(10). Let p(a) = 4*a**2 - a - 1. What is p(y)?
4
Suppose 4*t + 1 = 17. Let z = t + -7. Let x(v) = 3*v**2 - 8*v - 1. Let i(y) = -2*y**2 + 7*y + 1. Let s(h) = 4*i(h) + 3*x(h). What is s(z)?
-2
Let s(z) = -z**2 - 5*z + 5. Let m be s(-5). Let b(p) be the first derivative of -11*p + 1/2*p**2 - 5. Calculate b(m).
-6
Let o(u) be the first derivative of 3*u**2 - u - 11. Give o(2).
11
Let r(l) = 4*l - 5*l + 1 + l**2 - 5 + 6*l. Calculate r(-3).
-10
Let b(q) = -2*q + 6. Let m = -1 - 7. Let u = 14 + m. Give b(u).
-6
Let d(u) = -2 + 0 + 2*u + 0. Let p(h) = -5*h - 1. Let s be p(-1). What is d(s)?
6
Let t(v) be the second derivative of -2/3*v**3 - 3/2*v**2 + 2*v + 0. Calculate t(-2).
5
Suppose 13 = 2*j - 3*w, -4*w + 0*w - 6 = 3*j. Let a(v) = -v - 5. Let h(u) = 1. Let d(r) = 2*a(r) + 11*h(r). Determine d(j).
-3
Suppose 3*i - i - 16 = 0. Let r(a) = a**2 - a - 3. Let z(k) = 3*k**2 - 4*k - 9. Let q(j) = i*r(j) - 3*z(j). Calculate q(4).
3
Let g(p) = -7*p**2 - 6*p + 7. Let y(q) = 13*q**2 + 11*q - 13. Let i(r) = -11*g(r) - 6*y(r). Calculate i(-1).
0
Let d(q) be the first derivative of -q**2/2 + q - 6. Give d(3).
-2
Let l(w) be the third derivative of -w**6/120 - w**5/20 - w**4/24 - w**3/6 + 11*w**2. Let r = -6 - -4. Determine l(r).
-3
Let r be (-2)/7 - 16/(-7). Suppose n = -r*l + 2*n + 4, 0 = l - n - 2. Let i(m) = 2*m**3 - 4*m**2 + 3*m - 2. Give i(l).
4
Let k(b) = b + 4. Let a(h) = -1. Let g(t) = -2*a(t) - k(t). Give g(7).
-9
Let d(r) = 5 + 0 - 5*r + 3 + 6*r. Calculate d(-6).
2
Let s(r) = r**2 + 7*r + 9. Let q be s(-6). Let k(m) = -4 + m**q + 0*m**3 + m + 1. Determine k(0).
-3
Let w = -25 + 21. Let n(s) = s**3 + 6*s**2 + 6*s. What is n(w)?
8
Let h(o) = -4*o**2 - 1. Suppose 0*w - 3*w = -3*d, 3*d - 21 = -4*w. Suppose -5*q = -5*p - 0*q - 5, w*p + 5*q - 13 = 0. Give h(p).
-5
Let s(j) = -2 - j - 6*j + 6*j - j**2. Give s(2).
-8
Let a(l) = l**2 + 3*l - 2. Suppose 0 = -3*u - 0 - 6. Let b be 4/u*(-6)/(-4). Determine a(b).
-2
Let f(t) = 6 + 3*t + 0 - 5. What is f(-1)?
-2
Let l(p) = 4*p**2 + 5*p - 6*p + 1 - 5*p**2. Let o be (3/6*-2)/1. Let j be 4 - (0 - (o + -2)). What is l(j)?
-1
Suppose -5*m = -4*m. Suppose 4*j - 4 = 4*a, m*a = 4*a + j - 11. Suppose -5*b = -d + a + 4, 0 = -5*b. Let o(r) = r - 8. Calculate o(d).
-2
Let g(c) = -c**3 - 7*c**2 - 5*c. Let z(n) = -7*n**2 - 39*n + 40. Let s(a) = -3*a**2 - 19*a + 20. Let q(y) = -9*s(y) + 4*z(y). Let o be q(14). Calculate g(o).
-6
Let d = -3 - -3. Let h = d - -4. Suppose b = 3*z + 12, -h*z = -4*b - b + 27. Let q(w) = 5*w - 4. Determine q(b).
11
Let t(h) = 3*h - 4*h**3 - 7*h**2 - 3*h**3 - 1 - 10*h + 6*h**3. Calculate t(-6).
5
Let k = 7 + -2. Let n(p) = -k + 5*p + 1 + 1. Let s(j) = -2*j + 1. Let x(u) = 3*n(u) + 8*s(u). Determine x(-4).
3
Let d(n) be the third derivative of -n**4/24 - n**3/2 - 21*n**2. Suppose -3*f = 3*w + w - 26, 3*f - 6 = 0. Give d(w).
-8
Let s(r) = r**2 + 3*r + 1. Suppose 0*k = x + k, -2*x = 3*k - 4. Give s(x).
5
Let s(k) = -19*k - 17. Let h(c) = -9*c - 8. Let y(n) = -13*h(n) + 6*s(n). Determine y(2).
8
Let v(a) be the first derivative of 4 - 2*a - 5 + 0 - a**2. Give v(2).
-6
Let k(r) = -7*r - 3. Let z(g) = -4*g - 2. Let t(b) = -3*k(b) + 5*z(b). Let o be t(1). Let i(h) = -h**2 + 7. Determine i(o).
7
Let l(a) = -8*a. Suppose 3 - 1 = -2*i. Let t be 1 + 0 + 1 + i. Let w = 2 - t. Determine l(w).
-8
Let t(d) be the second derivative of d**3/6 - 5*d**2 - 48*d. Determine t(15).
5
Let i(g) = -g**2 + g - 1. Let s(t) = -2*t**2 - 2. Let r(u) = -3*i(u) + 2*s(u). What is r(-2)?
1
Let j(v) = v**2 + 2*v**2 - 10*v - 6 - 4*v**2. Let l be j(-9). Let r(b) = 5 - b**3 - 2 + 4*b**2 - 7*b + 2*b. Determine r(l).
-3
Let k(v) = 8*v**2 - v + 4. Let z(m) = -m**2 - 1. Let l(w) = k(w) + 4*z(w). Let q be 3/2*(-6)/(-9). Calculate l(q).
3
Let d(f) = f**2 + 2*f - 3. Let k = 199 - 197. Give d(k).
5
Let v(b) = b**2 - 7*b + 5. Suppose -4*o + 4*c = 44, -5*o - 29 + 1 = 4*c. Let d(j) = j**2 + 8*j + 5. Let t be d(o). What is v(t)?
-5
Let f(r) = r - 1. Let j(d) = -d**3 + 3*d**2 - 5*d + 7. Suppose -3*v - 2*q = -10, v - 9 = 5*q + 17. Let n(z) = v*f(z) + j(z). Determine n(3).
4
Let n(c) = c**2 + 9*c - 7. Let i be n(-10). Let d be 2/i*(-30)/20. Let r(l) be the second derivative of -5*l**3/6 - l. Determine r(d).
5
Let a(m) = 8*m + 8*m**3 - m**3 - 9*m. Calculate a(-1).
-6
Let z be 27 - ((0 - -2) + 1). Let f be (-3)/(-12) + 90/z. Let a(q) be the first derivative of q**3/3 - 3*q**2/2 + 1. Determine a(f).
4
Let l(j) = 1 + 2*j**2 + 0 - 2*j**3 + 4*j - 3*j. Calculate l(-2).
23
Let k(j) = 5*j - 4. Let y = -23 - -26. What is k(y)?
11
Let w(p) = -p**2 - 7*p + 6. Let d(v) = -2*v**2 - 7*v + 7. Let y(b) = -2*d(b) + 3*w(b). Suppose 3*l + 3*u + 0*u - 30 = 0, 0 = -5*l + 3*u + 10. Calculate y(l).
-6
Suppose 0 = 2*b - 4, -j + 2 = b. Let o(z) be the first derivative of 1/3*z**3 + j*z**2 - z + 2. Give o(-2).
3
Let a(i) be the second derivative of -i**4/6 - i**3/2 + i**2 - 6*i. Determine a(-3).
-7
Let m(x) = 0*x**2 + 0*x**2 + x + x**2 - 1. Let t(d) = 7*d**2 + 5*d - 4. Let f(b) = 3*m(b) - t(b). Determine f(1).
-5
Suppose -4 = 4*w + 3*r + 39, -5*r - 32 = w. Let t = w - -11. Let g(j) = j**2 - 4*j - 7 + 0*j + 2. Calculate g(t).
-5
Let w(z) = 4. Let q(c) = -5. Let d(b) = -3*q(b) - 2*w(b). Let a(r) = -r - 34. Let k(t) = 2*a(t) + 11*d(t). Determine k(6).
-3
Let h(x) = -4*x + 3. Let a(y) = -4*y + 14. Let k be a(3). Determine h(k).
-5
Let w be 10*(15/6)/5. Let k(l) = -2*l**2 - 7 + l**2 + 3 + 6*l. Give k(w).
1
Let r(h) = -4*h**3 + 2*h + 1. Let a be ((-48)/32)/((3/(